n 100 is divided by 13.
9
Calculate the remainder when 334 is divided by 86.
76
What is the remainder when 1173 is divided by 205?
148
Calculate the remainder when 196 is divided by 20.
16
Calculate the remainder when 222 is divided by 21.
12
What is the remainder when 181 is divided by 21?
13
Calculate the remainder when 1160 is divided by 372.
44
What is the remainder when 1779 is divided by 10?
9
What is the remainder when 164 is divided by 15?
14
Calculate the remainder when 17 is divided by 16.
1
Calculate the remainder when 462 is divided by 116.
114
What is the remainder when 71 is divided by 18?
17
Calculate the remainder when 181 is divided by 152.
29
Calculate the remainder when 143 is divided by 48.
47
Calculate the remainder when 69 is divided by 15.
9
What is the remainder when 9708 is divided by 133?
132
What is the remainder when 29 is divided by 29?
0
What is the remainder when 227 is divided by 38?
37
What is the remainder when 72 is divided by 24?
0
What is the remainder when 25 is divided by 9?
7
Calculate the remainder when 483 is divided by 241.
1
What is the remainder when 989 is divided by 6?
5
Calculate the remainder when 89 is divided by 10.
9
What is the remainder when 107 is divided by 55?
52
What is the remainder when 174 is divided by 12?
6
Calculate the remainder when 148 is divided by 46.
10
Calculate the remainder when 878 is divided by 22.
20
What is the remainder when 92 is divided by 61?
31
What is the remainder when 218 is divided by 14?
8
Calculate the remainder when 50 is divided by 19.
12
What is the remainder when 1390 is divided by 155?
150
Calculate the remainder when 636 is divided by 22.
20
Calculate the remainder when 209 is divided by 113.
96
Calculate the remainder when 258 is divided by 44.
38
What is the remainder when 127 is divided by 10?
7
Calculate the remainder when 2321 is divided by 3.
2
Calculate the remainder when 1396 is divided by 13.
5
Calculate the remainder when 82 is divided by 22.
16
What is the remainder when 210 is divided by 49?
14
What is the remainder when 133 is divided by 66?
1
What is the remainder when 327 is divided by 324?
3
Calculate the remainder when 3059 is divided by 102.
101
What is the remainder when 15418 is divided by 22?
18
What is the remainder when 242 is divided by 2?
0
What is the remainder when 524 is divided by 31?
28
What is the remainder when 691 is divided by 25?
16
Calculate the remainder when 115 is divided by 49.
17
Calculate the remainder when 754 is divided by 10.
4
What is the remainder when 4873 is divided by 122?
115
What is the remainder when 7152 is divided by 14?
12
What is the remainder when 659 is divided by 110?
109
What is the remainder when 893 is divided by 4?
1
Calculate the remainder when 2626 is divided by 24.
10
Calculate the remainder when 2263 is divided by 748.
19
What is the remainder when 204 is divided by 199?
5
Calculate the remainder when 237 is divided by 12.
9
Calculate the remainder when 431 is divided by 12.
11
What is the remainder when 1608 is divided by 115?
113
Calculate the remainder when 542 is divided by 32.
30
Calculate the remainder when 284 is divided by 72.
68
Calculate the remainder when 12 is divided by 4.
0
Calculate the remainder when 478 is divided by 108.
46
What is the remainder when 1059 is divided by 14?
9
What is the remainder when 242 is divided by 41?
37
What is the remainder when 171 is divided by 6?
3
What is the remainder when 136 is divided by 44?
4
Calculate the remainder when 1121 is divided by 81.
68
What is the remainder when 264 is divided by 42?
12
Calculate the remainder when 203 is divided by 55.
38
Calculate the remainder when 95 is divided by 48.
47
What is the remainder when 81 is divided by 66?
15
Calculate the remainder when 714 is divided by 34.
0
Calculate the remainder when 166 is divided by 4.
2
What is the remainder when 2750 is divided by 32?
30
Calculate the remainder when 326 is divided by 46.
4
What is the remainder when 3474 is divided by 74?
70
What is the remainder when 1288 is divided by 425?
13
What is the remainder when 112 is divided by 38?
36
What is the remainder when 13437 is divided by 105?
102
Calculate the remainder when 640 is divided by 307.
26
Calculate the remainder when 538 is divided by 6.
4
What is the remainder when 263 is divided by 14?
11
What is the remainder when 675 is divided by 78?
51
Calculate the remainder when 205 is divided by 187.
18
What is the remainder when 451 is divided by 57?
52
What is the remainder when 277 is divided by 110?
57
What is the remainder when 60 is divided by 14?
4
What is the remainder when 7314 is divided by 95?
94
Calculate the remainder when 95 is divided by 25.
20
Calculate the remainder when 7588 is divided by 10.
8
Calculate the remainder when 44 is divided by 5.
4
Calculate the remainder when 475 is divided by 240.
235
Calculate the remainder when 1640 is divided by 53.
50
Calculate the remainder when 910 is divided by 16.
14
What is the remainder when 2203 is divided by 19?
18
Calculate the remainder when 64 is divided by 10.
4
What is the remainder when 1402 is divided by 342?
34
Calculate the remainder when 1510 is divided by 9.
7
Calculate the remainder when 386 is divided by 144.
98
Calculate the remainder when 199 is divided by 45.
19
What is the remainder when 256 is divided by 250?
6
Calculate the remainder when 1063 is divided by 133.
132
What is the remainder when 42 is divided by 30?
12
Calculate the remainder when 523 is divided by 43.
7
Calculate the remainder when 45 is divided by 7.
3
What is the remainder when 141 is divided by 46?
3
Calculate the remainder when 9555 is divided by 165.
150
Calculate the remainder when 220 is divided by 59.
43
Calculate the remainder when 28708 is divided by 58.
56
Calculate the remainder when 71 is divided by 26.
19
What is the remainder when 267 is divided by 21?
15
Calculate the remainder when 504 is divided by 148.
60
What is the remainder when 1926 is divided by 129?
120
Calculate the remainder when 149 is divided by 111.
38
What is the remainder when 947 is divided by 191?
183
Calculate the remainder when 182 is divided by 23.
21
Calculate the remainder when 1629 is divided by 338.
277
Calculate the remainder when 128 is divided by 26.
24
Calculate the remainder when 284 is divided by 167.
117
What is the remainder when 178 is divided by 31?
23
Calculate the remainder when 350 is divided by 32.
30
What is the remainder when 12989 is divided by 18?
11
Calculate the remainder when 636 is divided by 136.
92
What is the remainder when 1205 is divided by 78?
35
What is the remainder when 2203 is divided by 45?
43
Calculate the remainder when 275 is divided by 251.
24
Calculate the remainder when 239 is divided by 10.
9
Calculate the remainder when 2199 is divided by 100.
99
What is the remainder when 656 is divided by 101?
50
Calculate the remainder when 90 is divided by 83.
7
What is the remainder when 1820 is divided by 346?
90
What is the remainder when 731 is divided by 62?
49
Calculate the remainder when 6830 is divided by 23.
22
Calculate the remainder when 1849 is divided by 116.
109
What is the remainder when 344 is divided by 35?
29
Calculate the remainder when 1466 is divided by 30.
26
Calculate the remainder when 5597 is divided by 28.
25
Calculate the remainder when 474 is divided by 28.
26
Calculate the remainder when 7783 is divided by 3890.
3
What is the remainder when 3721 is divided by 133?
130
Calculate the remainder when 98 is divided by 21.
14
What is the remainder when 3521 is divided by 65?
11
Calculate the remainder when 368 is divided by 177.
14
Calculate the remainder when 16 is divided by 11.
5
What is the remainder when 3981 is divided by 166?
163
Calculate the remainder when 194 is divided by 2.
0
Calculate the remainder when 302 is divided by 17.
13
What is the remainder when 8124 is divided by 43?
40
What is the remainder when 987 is divided by 110?
107
Calculate the remainder when 5725 is divided by 15.
10
What is the remainder when 450 is divided by 29?
15
What is the remainder when 11 is divided by 8?
3
What is the remainder when 1145 is divided by 195?
170
Calculate the remainder when 130 is divided by 59.
12
Calculate th